 digit of 4*(-1 + 42/k)?
8
What is the thousands digit of 63/(4 - 11) - -2053?
2
Let f = 523 + 259. What is the tens digit of f?
8
Suppose 5*g + 4*c = 4881, -3*g + 3392 = c + 469. What is the tens digit of g?
7
What is the units digit of 31*166*(-16 + (-429)/(-26))?
3
Suppose 13*o + 84 = 16*o. Suppose -4*y - y + 20 = 0. Suppose 136 + o = y*q. What is the tens digit of q?
4
Suppose 3*r + 59 = -5*u, 4*r = 3*u - 7*u - 68. Let p = r + 73. What is the tens digit of p?
6
What is the hundreds digit of (-63)/(-14)*(6 + -8)*-181?
6
Let g be (-4624)/(-26) + 8/52. Suppose 5*d - 2 = g. Let c = d - 2. What is the units digit of c?
4
Let f(g) = -4*g - 6. Let p be f(-5). Suppose p*i = 12*i + 12. What is the units digit of 85/6 - 1/i?
4
Let u = 16 - 13. Suppose -u*b = -3*p + 9, 0*b = -5*p + 2*b + 12. Suppose -1 = n + 3*f - 2*f, p*n + 8 = -5*f. What is the units digit of n?
1
What is the hundreds digit of ((-369173)/(-92))/(7/8)?
5
Suppose -2*k + 245 = 2*m + 89, 0 = -2*k + m + 147. Suppose 3*w = -0*w - k. Let a = w + 41. What is the units digit of a?
6
Let l(w) = 5*w - 4. Suppose -30 + 28 = -r. What is the units digit of l(r)?
6
Let a(f) = -2*f**3 + 3*f**2 - 7*f**3 - 5*f**3 - 2 + 10*f**3 + 3*f. What is the hundreds digit of a(-3)?
1
Suppose 4*a - 24 = -4*t, 2*a - 8 = t + t. Suppose -4*l = 5*j - 319, -2*l + a*j + 164 = 3*j. What is the tens digit of l?
8
Let v be ((-12)/(-9))/(3/9). Suppose v*q + 840 = 9*q. What is the tens digit of q?
6
Let s = 3591 - 54. What is the tens digit of (-2)/11 - s/(-33)?
0
What is the units digit of 11 - (-1 - -8) - (-2742)/2?
5
Let w(k) = -2*k**2 + 23*k - 1. Let g(n) = -n**2 + 8*n. Let m(i) = -8*g(i) + 3*w(i). What is the units digit of m(3)?
0
Let o be (-1 + (5 + -2 - 60))/(-1). Suppose -s - o = -269. What is the units digit of s?
1
Suppose 14*l = 23905 + 11725. What is the hundreds digit of l?
5
Let m(a) = -a**2 - 15*a - 19. Let c be m(-14). Let u(x) = -2*x + 5. Let s be u(c). Suppose 3*z = -8*t + 4*t + 77, 0 = -3*t + s. What is the tens digit of z?
1
Suppose -t + 993 + 369 = -4*z, -t = z + 343. Let m = z - -480. What is the hundreds digit of m?
1
Let r(p) = p**2 - 10*p - 7. Let f be r(11). Let q(o) = 7*o - 12 - 17*o - f. What is the tens digit of q(-6)?
4
Let c(f) = f**2 - 2*f + 2. Let t = 2 + 2. Suppose m + 0 = t. What is the units digit of c(m)?
0
Let x(c) = -c**3 - 9*c**2 - 10*c - 11. Let h be x(-8). Suppose 2*o = 4*w + 172, 2*o - 263 = -o + h*w. What is the tens digit of o?
9
Suppose -2*v - 115 = -3*v. Suppose -v = -n - n + 3*b, 5*n - 278 = -2*b. What is the units digit of n?
6
Let o = 191 + -277. Let t = o - -201. What is the tens digit of t?
1
Let o(f) = -55*f - 2. Let a be o(2). Let p = a - -64. What is the units digit of 1/(46/p - -1)?
4
Let m(u) = 0*u - 10*u - 8*u + 7 - u**2. Let a be -5*4 - 4/8*-6. What is the units digit of m(a)?
4
Let z be (-3 - -2)/(10/540). Let q = 6 - z. What is the tens digit of q?
6
Suppose 0 = -2*a - 8*a + 5520. What is the tens digit of a?
5
Suppose 3*m - 388 + 113 = -2*g, 495 = 5*m - 4*g. What is the tens digit of m?
9
What is the tens digit of (-10)/4*1728/(-80)?
5
Let r be (-1 - 3)*(-21)/(-6). Let t = 80 + r. What is the units digit of t?
6
Let t(g) = 5*g + 34. Let p be t(-17). Let q = 23 - p. What is the units digit of q?
4
What is the units digit of 24/((-259)/91 + 3)?
6
Let w = 11 + -7. Suppose w*r = 3*r. Suppose r*s + 5*s = 30. What is the units digit of s?
6
Let b be 2011/(-10) - 8/(-80). Let r = b - -318. What is the units digit of r?
7
Let t(y) be the second derivative of y**4/12 - 5*y**3/6 - 3*y. Let u be t(4). Let a(v) = -v**2 - 9*v + 2. What is the units digit of a(u)?
2
What is the units digit of 189 - (2/5)/((-6)/15)?
0
Suppose b - 4*b = 5*u - 22, 0 = 2*b - 4*u + 22. Let z be -2 + (-2)/b*-13. What is the units digit of (z/10)/((-4)/10)?
7
Suppose j + 2*j - 225 = 0. Let z = -96 + 86. What is the units digit of -1*6/z*j?
5
Suppose -4*m - 31 = 5. Let x = m + 121. What is the hundreds digit of x?
1
Suppose 11*i - 1248 = 5*i. What is the units digit of i?
8
Let s(c) = 5*c**3 + 16*c + 15. Let m be s(-1). Suppose 832 = 4*i - 2*y, -y + 218 = i + y. What is the tens digit of (-2)/m + i/18?
1
Let w = 8 - 14. Suppose -2*f = -n + 121 - 13, -5*f = 2*n + 261. Let v = w - f. What is the tens digit of v?
4
Let f(t) = t**2 + 3*t - 16. Let h be f(-11). Let z = h - -33. What is the hundreds digit of z?
1
Suppose -13*t + 17*t = 284. Let j = -90 - -44. Let p = j + t. What is the units digit of p?
5
Let l(c) = c**2 + 29*c + 124. What is the thousands digit of l(43)?
3
Let j(c) = c**2 - 7*c + 3. Let w be j(7). Suppose -2*k + 1 = f, 0*k - 5*f = -k + 28. Let r = k + w. What is the units digit of r?
6
Let y = -57 - -54. Suppose 4*p + p + 5 = 0. What is the units digit of p - 0 - y - -4?
6
Suppose 11 + 13 = 4*x. What is the units digit of 48*(2 - 1) + x + -6?
8
Let p(l) = l - 6. Let g be p(-9). Let j be (-3)/(-2)*(-10)/g. What is the units digit of (2 + -3)/(j/(-30))?
0
Let j(h) = -2*h**3 - 3*h**2 - 3*h - 5. Let t be j(-2). Suppose 4*g - v - 561 = 0, 4*v + 134 = g + t*v. What is the units digit of g?
9
Suppose 5*c - 10 = 0, 0*c - 630 = -2*t - 4*c. What is the units digit of t?
1
Suppose -7*t + 4 = -8*t. What is the hundreds digit of 221*(t/(-1) - 3)?
2
Suppose 11*k - 26 = -2*k. Suppose k*q - 332 = 218. What is the units digit of q?
5
Suppose -4*p - p + 5 = 0, -2*a + 2 = 2*p. Let c = a - 0. Suppose c*k = 2*k - 56. What is the units digit of k?
8
Let j = 343 - 77. What is the hundreds digit of j?
2
Let h be 1/1 + (94 - 2). Suppose 7*i - 70 = -28*i. Suppose -21 = i*u - h. What is the units digit of u?
6
Suppose -18*p = -26*p + 2624. What is the units digit of p?
8
Let x = -26 + 31. Suppose -x*m + 5*q = -290, -4*m = -3*m - 2*q - 63. Suppose -5*y = -3*b + 161, 2*y = -b + 4*y + m. What is the tens digit of b?
5
Let p be (-2)/((-2)/9 + 0). Let j = 9 + p. Suppose j + 14 = v. What is the tens digit of v?
3
Suppose -z = 16*z - 59347. What is the units digit of z?
1
Suppose -4*a - k = 272, -177 - 27 = 3*a + 3*k. Let w = a + 171. What is the hundreds digit of w?
1
Suppose 4 = 4*g + 36. What is the units digit of (-6)/g - (-291)/12?
5
Let r be ((-264)/(-28))/((-2)/28). Let g be 1 + 2 + (-3 - r). Suppose -2*c - 126 = -3*t - 6*c, -2*c = 3*t - g. What is the tens digit of t?
4
Let r(w) = 3*w**2 + 5*w - 3. Let t be 7*(-4 + (-152)/(-28)). Suppose -4*s = -t*s - 24. What is the units digit of r(s)?
5
Suppose -21*x + 16364 + 730 = 0. What is the tens digit of x?
1
Let v = 0 + 2. Let i = v + 8. What is the units digit of i?
0
Suppose 2*c + 10739 = 5*g - 0*c, -2*g + 4288 = 3*c. What is the hundreds digit of g?
1
Let g be (-12)/(-10)*(-490)/21. Let c = 87 + g. What is the tens digit of c?
5
Suppose 3*z - 5*z + 4134 = 4*m, 4*z = 4*m + 8304. What is the hundreds digit of z?
0
Let o = 2155 + -1464. What is the tens digit of o?
9
Let z = -17 - -6. Let w = 14 - z. What is the units digit of w?
5
Let u(l) = l**3 + 5*l**2 - l + 2. Let p(r) = -r**3 + 10*r**2 - 5. Suppose -4*i = -2*h - 38, -h + 12 = i + h. Let w be p(i). What is the units digit of u(w)?
7
What is the tens digit of 1202 - -5 - (-12)/4?
1
Let i(a) = a**2 - 13. Let f = -28 + 39. Let m be i(f). Suppose 0 = 5*c - m - 7. What is the units digit of c?
3
Suppose -27*w = -35*w + 3944. What is the tens digit of w?
9
Let b = 304 - 10. Let d = b - 205. What is the units digit of d?
9
Let c(j) = 13 + 7 - 21*j + 23*j. What is the units digit of c(-9)?
2
Let l(o) = o**2 - 2*o - 12. Suppose -5*s - 40 = -4*r, -r = -0*s + 5*s + 15. Let a be l(s). Let j = a - -64. What is the tens digit of j?
7
Let c = 279 + -217. What is the tens digit of c?
6
Suppose i = -3*b + 692 - 85, 5*b - 3*i = 1007. What is the units digit of b?
2
Suppose -y + 6*y = 0. Suppose -4*a - 4 = -j - 12, y = -a + 4*j - 13. Suppose -3*d - a*h = -62 + 11, 4*d - 64 = -3*h. What is the tens digit of d?
1
Let k be (16/12)/((-2)/(-33)). What is the units digit of -3 + -2 + k - -2?
9
Let a(l) = 18*l**2 + 6*l + 17. What is the units digit of a(-3)?
1
What is the units digit of ((-1984)/5)/(42/(-10) - -4)?
4
Let w be 119 + 3*1 + (-1 - 1). Suppose -3*d - w = -7*d. What is the tens digit of d?
3
Let o = -6 + 12. Let f = o - 6. What is the tens digit of (f - 2)*(-8 - 2)?
2
Let l be 2*3/(-2) - -11. Suppose -390 = 3*b - l*b. What 